7)?
-213
Let a(p) = 13*p**3 - 3*p**2 + 340*p - 1428. Calculate a(4).
716
Let j(a) = 2159*a + 6099. Determine j(-3).
-378
Let u(x) = -3*x**3 + 333*x**2 - 654*x - 78. Determine u(109).
-78
Let l(f) = f**3 + 19*f**2 + 155*f + 135. Determine l(-1).
-2
Let r(z) = -7643*z + 168117. Calculate r(22).
-29
Let w(d) = -29246*d - 6492568. Calculate w(-222).
44
Let x(q) = -q**3 + 62*q**2 - 432*q - 8. Calculate x(10).
872
Let m(d) = -20995*d + 125836. Determine m(6).
-134
Let b(f) = -2*f**2 + 212*f - 962. Give b(5).
48
Let t(w) = 1932*w + 38724. Give t(-20).
84
Let h(p) = -p**2 - 1584*p - 119. Determine h(0).
-119
Let u(w) = 2*w**3 - 30*w**2 - 1415*w + 19071. Give u(13).
0
Let c(r) = -105166*r + 630984. Calculate c(6).
-12
Let u(l) = -2092*l + 16913. Calculate u(8).
177
Let w(l) = -2*l**3 - 62*l**2 - 51*l + 267. Determine w(-30).
-3
Let y(p) = 2374*p + 12263. Give y(-5).
393
Let p(a) = 10073*a + 8472. Calculate p(-1).
-1601
Let k(f) = -7645*f + 6765817. Calculate k(885).
-8
Let o(q) = 83*q**3 - 1999*q**2 - 4024*q + 4. Calculate o(-2).
-608
Let b(d) = -55*d**2 - 13430*d + 13432. Determine b(1).
-53
Let q(w) = -2354*w - 212213. Give q(-90).
-353
Let a(j) = 2*j**3 + 2690*j**2 - 2466*j + 304155. Determine a(-1346).
-41
Let g(l) = 68*l**3 + 882*l**2 - 34*l - 100. Calculate g(-13).
4
Let x(p) = 9850*p - 68782. Calculate x(7).
168
Let q(u) = -3443*u - 3366. What is q(-1)?
77
Let q(j) = 5212*j - 31110. What is q(6)?
162
Let r(c) = c**3 - 11*c**2 - 31*c - 33. Calculate r(13).
-98
Let g(u) = 830*u - 28848. Determine g(36).
1032
Let o(l) = -1815*l**2 - 14568*l - 402. Determine o(-8).
-18
Let w(b) = 7*b**3 + 41*b**2 - 110*b - 4. What is w(-8)?
-84
Let n(c) = 977*c - 6229. Calculate n(6).
-367
Let z(m) = -11*m**2 - 201*m - 770. Calculate z(-15).
-230
Let n(v) = v**2 - 66*v - 1424. Calculate n(-15).
-209
Let f(i) = i**3 + 186*i**2 + 8024*i + 229. Give f(-118).
229
Let g(r) = -r**2 - 396*r - 30836. Determine g(-107).
87
Let l(m) = -2*m**2 + 116*m + 6304. Give l(-37).
-726
Let l(q) = 4754*q - 6660349. Give l(1401).
5
Let t(i) = -15*i**3 + 6*i**2 + 814*i - 1639. Calculate t(2).
-107
Let c(g) = 333*g**2 - 159*g + 156. What is c(1)?
330
Let i(j) = 17*j**3 - 208*j**2 + 29*j + 236. What is i(12)?
8
Let v(o) = o**3 + 3*o**2 + 12204*o + 48808. Give v(-4).
-24
Let x(q) = 2*q**3 + 670*q**2 + 120*q + 40371. Determine x(-335).
171
Let c(l) = -3*l**2 - 872*l + 7752. What is c(-299)?
277
Let l(p) = -10*p**3 - 587*p**2 + 309*p + 7778. Determine l(-59).
-10
Let n(z) = 3*z**3 + 43*z**2 - 542*z + 43. Give n(10).
1923
Let a(h) = -h**2 - 18249*h - 1. Determine a(0).
-1
Let q(g) = -2*g**2 - 725*g - 3917. What is q(-357)?
10
Let i(v) = -v**3 - 8*v**2 - 110*v - 1087. Determine i(-10).
213
Let f(z) = -25049*z + 425830. Calculate f(17).
-3
Let s(m) = 17739*m + 248173. Calculate s(-14).
-173
Let i(q) = -2897*q - 495310. Calculate i(-171).
77
Let p(l) = 6867*l**2 - 130480*l - 43. Give p(19).
-176
Let k(t) = t**2 + 19912*t + 199038. Determine k(-10).
18
Let j(w) = w**3 + 208*w**2 - 4328*w - 2990. Determine j(-227).
415
Let w(d) = 13002*d + 92994. What is w(-7)?
1980
Let r(m) = -m**3 + 26*m**2 - 736*m + 9272. Give r(16).
56
Let l(w) = -w**2 - 354*w - 28585. What is l(-226)?
343
Let b(v) = v**3 - 5560*v**2 + 59*v + 6. Give b(0).
6
Let k(z) = 4*z**3 - 42*z**2 + 149*z. Calculate k(5).
195
Let o(m) = 24*m**3 + 310*m**2 + 870*m + 191. Calculate o(-9).
-25
Let c(r) = -27870*r - 27874. What is c(-1)?
-4
Let o(y) = -731*y**2 - 522*y + 523. Calculate o(1).
-730
Let r(f) = 2*f**3 - 2*f**2 - 616*f - 221. What is r(-17)?
-153
Let p(d) = -202*d - 5337. Give p(-26).
-85
Let z(l) = -11179*l + 22905765. Calculate z(2049).
-6
Let b(f) = 797*f**2 + 3210*f + 30. What is b(-4)?
-58
Let t(p) = -6*p**3 - 31*p**2 + 19*p + 33. Calculate t(7).
-3411
Let v(q) = 9*q**3 - 100*q**2 - 235*q + 185. Calculate v(13).
3
Let w(y) = -y**2 + 1674*y + 32132. Determine w(-19).
-35
Let y(d) = 10409*d + 104099. Calculate y(-10).
9
Let q(l) = -122*l - 9504. What is q(-78)?
12
Let m(y) = 62*y**2 + 529*y - 2585. Determine m(5).
1610
Let f(n) = -533*n**3 - 2*n**2 + 6666*n + 6667. What is f(-1)?
532
Let v(o) = -50615*o - 253664. Determine v(-5).
-589
Let x(a) = -14*a**3 - 66*a**2 + 5531*a + 16801. What is x(-3)?
-8
Let o(j) = -20090*j + 221088. Determine o(11).
98
Let i(d) = 3649*d - 25144. Give i(7).
399
Let k(l) = -1859*l - 1672. Give k(-1).
187
Let t(r) = -r**3 - 2*r**2 + 2*r - 30. Give t(5).
-195
Let s(h) = -57*h**2 - 196*h - 161. Give s(-2).
3
Let j(u) = -u**3 + 75*u**2 + 228*u - 11567. Calculate j(76).
-15
Let x(r) = r**3 - 20*r**2 + 940*r - 26619. What is x(25)?
6
Let b(s) = 7377*s + 29582. What is b(-4)?
74
Let w(t) = -t**2 - 254*t + 5438. Give w(19).
251
Let x(y) = 38498*y - 49. Determine x(0).
-49
Let y(n) = 78*n**2 + 10398*n + 51956. What is y(-5)?
1916
Let g(f) = -f**2 - 153*f - 4354. Determine g(-113).
166
Let q(b) = -12433*b**2 - 37308*b + 1. Give q(-3).
28
Let n(r) = 2*r**3 + 141*r**2 + 309*r + 16632. Give n(-70).
-98
Let i(g) = -4*g**3 + 3052*g**2 + 12225*g. What is i(-4)?
188
Let u(s) = 4*s**2 - 36*s - 258. Calculate u(16).
190
Let g(v) = -v**3 - 15*v**2 - 46*v - 165. Give g(-13).
95
Let l(o) = -12491*o - 1711566. Calculate l(-137).
-299
Let v(w) = -w**2 - 961*w - 109844. What is v(-130)?
-1814
Let v(t) = t**3 - 328*t**2 - 2326*t - 6377. Give v(335).
-12
Let n(p) = -4*p**3 - 35*p**2 - 754*p - 8078. Give n(-10).
-38
Let o(j) = 6*j**2 - 277*j + 4130. Determine o(14).
1428
Let l(w) = -3*w**2 - 70*w + 626. Calculate l(-25).
501
Let q(n) = -52542*n + 735594. What is q(14)?
6
Let r(z) = z**3 + 33*z**2 - 588*z + 464. What is r(-46)?
4
Let t(l) = -323*l**2 + 2590*l - 55. Give t(8).
-7
Let k(g) = 5*g**3 + 88*g**2 - 158*g + 79. Calculate k(-19).
554
Let m(b) = b**3 + 448*b**2 + 3025*b - 27325. What is m(-441)?
17
Let l(f) = 39*f**2 + 980*f + 1969. What is l(-2)?
165
Let h(f) = -4*f**2 - 316*f - 729. Calculate h(-70).
1791
Let j(w) = -59840*w - 119637. Give j(-2).
43
Let a(d) = d**3 - 19*d**2 + 219*d - 2882. What is a(16)?
-146
Let k(j) = -6*j**2 + 120*j + 2. Determine k(0).
2
Let r(l) = 51*l**3 + l**2 - 62*l - 126. Calculate r(-2).
-406
Let y(j) = 4*j**2 - 1057*j - 16746. What is y(-15)?
9
Let h(g) = -2*g + 378. What is h(272)?
-166
Let b(r) = 4394*r**2 + 43956*r + 3. Calculate b(-10).
-157
Let a(d) = 5254*d - 31502. Give a(6).
22
Let n(j) = 169*j**2 - 43*j - 36. Give n(0).
-36
Let x(g) = 5*g**2 - 451*g - 9089. Calculate x(-19).
1285
Let w(y) = -61*y**2 + 70*y - 40. Give w(2).
-144
Let t(i) = -278599*i - 1114380. Determine t(-4).
16
Let c(p) = 1188*p**2 - 100981*p + 112. What is c(85)?
27
Let x(o) = 324*o**2 + 569*o + 4. What is x(-2)?
162
Let z(q) = -5*q**2 + 276*q + 3318. Calculate z(-10).
58
Let h(g) = 2693*g + 29966. Calculate h(-11).
343
Let l(i) = 9*i**3 + 31*i**2 - 147*i + 82. Determine l(2).
-16
Let g(h) = 101*h**2 + 76*h - 137. What is g(2)?
419
Let h(n) = 537511*n - 8062658. What is h(15)?
7
Let m(i) = -i**2 - 716509*i - 12896841. Give m(-18).
-3
Let d(k) = 3*k**2 + 620*k + 25476. What is d(-57)?
-117
Let b(n) = -n**2 + 1310*n + 148512. What is b(-105)?
-63
Let y(z) = -2*z**2 + 3637*z - 83002. Determine y(23).
-409
Let a(f) = -f**3 + 279*f**2 + 765*f + 22822. Determine a(282).
-20
Let u(r) = -9*r**3 - 873*r**2 - 28*r - 2679. Determine u(-97).
37
Let m(s) = s**3 - 20*s**2 + 23*s + 85. Determine m(8).
-499
Let v(c) = c**3 + 16*c**2 + 116*c + 416. Give v(-9).
-61
Let t(b) = 2202929*b - 26435143. Determine t(12).
5
Let y(q) = -3*q**2 + 268*q + 9656. Give y(-28).
-200
Let i(v) = -10*v**2 + 4474*v + 43887. What is i(457)?
15
Let u(c) = 250*c + 982. Give u(-6).
-518
Let r(n) = -110881*n - 776172. Determine r(-7).
-5
Let y(t) = -2*t**2 + 467250*t - 467250. Calculate y(1).
-2
Let l(t) = -t**2 + 102*t + 976. Calculate l(113).
-267
Let u(v) = v**3 - 144*v**2 + 2177*v + 18436. Give u(-6).
-26
Let s(v) = -38*v**2 - 1232*v + 82. Determine s(-26).
6426
Let n(s) = -9*s**3 - 527*s**2 - 4030*s + 21. Give n(-9).
165
Let k(p) = -1049*p + 14916. What is k(14)?
230
Let i(q) = -q**3 + 34*q**2 - 59*q + 108. Give i(32).
268
Let p(m) = 434*m**3 - 252*m - 497. Calculate p(-2).
-3465
Let c(u) = -3452*u + 68870. Calculate c(20).
-170
Let q(s) = -3*s**2 + 44*s - 2. Calculate q(17).
-121
Let x(o) = 23*o**2 + 6973*o - 19882. What is x(-306)?
8
Let g(s) = 